) to base 13.
311
-20220210 (base 3) to base 15
-1763
What is 1a85 (base 16) in base 14?
268d
What is -541 (base 11) in base 13?
-3b0
Convert 2a6a (base 11) to base 10.
3948
b2d (base 16) to base 14
1085
100000000 (base 2) to base 14
144
131 (base 7) to base 10
71
Convert 31256 (base 9) to base 7.
114063
Convert a0d (base 16) to base 8.
5015
What is 100210 (base 4) in base 10?
1060
-2010120121 (base 3) to base 11
-29599
-65b (base 16) to base 8
-3133
What is -212733 (base 8) in base 12?
-351b7
What is 1010001101111 (base 2) in base 8?
12157
What is 85218 (base 9) in base 5?
3300222
Convert 182 (base 11) to base 5.
1321
cfea (base 16) to base 14
1557c
-26b (base 16) to base 2
-1001101011
Convert -62f6 (base 16) to base 14.
-9338
Convert 1201 (base 4) to base 15.
67
Convert 3751 (base 11) to base 5.
124041
What is -1002012 (base 4) in base 11?
-31a6
What is 1731 (base 8) in base 15?
45a
What is -201012 (base 3) in base 12?
-372
51 (base 6) to base 2
11111
What is -393 (base 10) in base 16?
-189
Convert -1223 (base 15) to base 7.
-14151
What is -10111110001111 (base 2) in base 7?
-50332
Convert 1162 (base 14) to base 3.
11011002
Convert 63746 (base 8) to base 16.
67e6
Convert -255 (base 8) to base 3.
-20102
Convert -974 (base 13) to base 10.
-1616
What is -12 (base 8) in base 13?
-a
Convert -24302 (base 7) to base 2.
-1100010110011
What is 140420 (base 5) in base 11?
4344
Convert -257c (base 13) to base 3.
-21022212
-355 (base 12) to base 16
-1f1
-16a39 (base 11) to base 6
-302315
What is -132424 (base 5) in base 8?
-12364
Convert 2021023 (base 4) to base 12.
50b7
-e18d (base 16) to base 2
-1110000110001101
What is 3242 (base 10) in base 9?
4402
17619 (base 13) to base 16
afb0
Convert a2 (base 14) to base 2.
10001110
-63724 (base 9) to base 2
-1010010010011110
What is -12020211 (base 4) in base 13?
-b589
What is -2220011 (base 3) in base 9?
-2804
What is 7699 (base 11) in base 9?
14828
What is 2d3 (base 15) in base 10?
648
What is 111100000 (base 2) in base 16?
1e0
What is -8 (base 14) in base 11?
-8
-131051 (base 7) to base 9
-36408
Convert -436 (base 12) to base 7.
-1542
What is 16858 (base 9) in base 15?
36ab
Convert -1b (base 15) to base 7.
-35
Convert -730 (base 8) to base 12.
-334
What is -555 (base 7) in base 13?
-18c
-1001102 (base 3) to base 4
-23333
270 (base 14) to base 2
111101010
What is -8087 (base 9) in base 13?
-28c9
Convert 101210 (base 3) to base 15.
146
What is 871b (base 12) in base 9?
22335
611 (base 7) to base 4
10232
Convert 11100011000 (base 2) to base 6.
12224
What is -1e49 (base 16) in base 3?
-101122011
What is -613 (base 9) in base 15?
-233
125d (base 14) to base 10
3219
Convert 1250 (base 7) to base 16.
1dc
Convert 426 (base 11) to base 9.
628
Convert 113023 (base 6) to base 2.
10011000000111
Convert -313000 (base 4) to base 6.
-24144
-4241 (base 6) to base 11
-7a4
344265 (base 7) to base 8
170146
16a1 (base 11) to base 9
2868
What is 11202121 (base 3) in base 7?
13060
What is -654 (base 13) in base 7?
-3105
Convert -5 (base 9) to base 13.
-5
What is -123110 (base 4) in base 7?
-5045
Convert 21203 (base 4) to base 11.
506
What is -1ca2 (base 14) in base 8?
-12166
445 (base 6) to base 2
10101101
Convert -d7be (base 15) to base 5.
-2430004
Convert 11110010 (base 2) to base 9.
288
What is d5 (base 14) in base 13?
115
What is -4020 (base 5) in base 15?
-240
2147 (base 14) to base 7
22520
What is 211011002 (base 3) in base 9?
24132
-2025 (base 7) to base 2
-1011000001
-8b0 (base 13) to base 16
-5d7
Convert -1544a (base 11) to base 16.
-554a
-4410 (base 5) to base 11
-500
811 (base 14) to base 11
120a
-6200 (base 8) to base 12
-1a28
81c (base 15) to base 6
12243
What is 7568 (base 9) in base 12?
3282
Convert 2066 (base 11) to base 7.
10654
Convert -3043 (base 9) to base 8.
-4262
10012211 (base 3) to base 12
1434
-134003 (base 5) to base 10
-5503
Convert -1011111101011110 (base 2) to base 10.
-48990
What is -3033 (base 6) in base 3?
-220210
Convert 19418 (base 12) to base 4.
21000110
What is 1c9 (base 16) in base 15?
207
Convert -2000 (base 4) to base 2.
-10000000
What is 2367 (base 9) in base 7?
5065
What is 3204 (base 9) in base 6?
14521
What is -10100 (base 4) in base 15?
-132
What is -13533 (base 8) in base 3?
-22012110
Convert -ead (base 16) to base 9.
-5134
What is 1000 (base 8) in base 3?
200222
What is -22100222 (base 3) in base 9?
-8328
What is 663 (base 10) in base 13?
3c0
What is -21202 (base 8) in base 16?
-2282
-4122 (base 10) to base 3
-12122200
Convert -5b5 (base 13) to base 5.
-12433
-1012022 (base 4) to base 3
-20011022
What is -1100111111 (base 2) in base 13?
-4bc
Convert -2bd9 (base 16) to base 6.
-123545
What is -1c534 (base 14) in base 8?
-215262
What is 2a93 (base 13) in base 4?
1200330
What is 55 (base 14) in base 16?
4b
-2155 (base 8) to base 16
-46d
b8c (base 13) to base 6
13051
Convert eba (base 15) to base 7.
12460
f01 (base 16) to base 2
111100000001
-16457 (base 9) to base 3
-120111221
-13204 (base 8) to base 9
-7814
Convert b663 (base 12) to base 7.
112104
Convert -4f5e (base 16) to base 2.
-100111101011110
Convert 1002112111 (base 3) to base 13.
9a54
What is -675a (base 11) in base 8?
-21302
Convert 110012112 (base 3) to base 7.
34640
What is -146 (base 10) in base 7?
-266
-154112 (base 7) to base 15
-8e62
10011011101 (base 2) to base 4
103131
Convert 4643 (base 10) to base 9.
6328
What is 1050 (base 11) in base 13?
828
Convert 22015 (base 11) to base 16.
7cd8
What is -12504 (base 6) in base 5?
-30122
40030 (base 8) to base 10
16408
73a6 (base 11) to base 8
23104
Convert -198 (base 14) to base 4.
-11022
What is -1000121 (base 6) in base 4?
-23121301
Convert 2268 (base 14) to base 2.
1011101010100
-112430 (base 5) to base 16
-1013
-100100101010100 (base 2) to base 9
-27667
What is -c5b (base 16) in base 5?
-100123
What is -963 (base 10) in base 3?
-1022200
-20b8 (base 13) to base 14
-1929
-551 (base 6) to base 5
-1321
What is -1310114 (base 5) in base 13?
-b8aa
Convert -493 (base 10) to base 7.
-1303
Convert -1905 (base 11) to base 16.
-979
1611 (base 7) to base 10
645
Convert 1418 (base 13) to base 5.
43034
-5b0b (base 12) to base 3
-112001002
What is 2962 (base 11) in base 4?
323223
What is -3303 (base 4) in base 3?
-100000
What is 1a7 (base 13) in base 9?
370
Convert 13404 (base 8) to base 9.
8066
100100001001000 (base 2) to base 4
10201020
What is 201122112 (base 3) in base 14?
5312
Convert 22144 (base 6) to base 11.
2358
-9789 (base 10) to base 16
-263d
Convert 10010001010010 (base 2) to base 11.
6a93
What is -3585 (base 10) in base 15?
-10e0
What is -232 (base 10) in base 9?
-277
Convert 452b9 (base 12) to base 5.
10421023
What is -4772 (base 9) in base 15?
-10b8
-3bb (base 13) to base 15
-2e1
3b41 (base 12) to base 14
26ad
What is -311 (base 7) in base 13?
-bc
What is -2b4c (base 15) in base 16?
-2451
Convert -2511 (base 6) to base 9.
-757
What is 408 (base 12) in base 9?
718
6878 (base 10) to base 3
100102202
What is b201 (base 15) in base 14?
d9a0
Convert 11655 (base 9) to base 13.
3740
-512 (base 12) to base 7
-2066
What is -7bb3 (base 12) in base 14?
-506b
Convert 387a (base 16) to base 7.
60103
What is -10322 (base 4) in base 15?
-15e
What is 110001000111 (base 2) in base 13?
157a
Convert -202352 (base 6) to base 13.
-7454
10022 (base 4) to base 16
10a
Convert 1730 (base 8) to base 12.
6a0
Convert -1e02 (base 15) to base 10.
-6527
What is 441 (base 16) in base 4?
101001
Convert -433 (base 11) to base 5.
-4040
What is 7154 (base 8) in base 16?
e6c
-1bb (base 14) to base 7
-1024
Convert 836 (base 10) to base 9.
1128
Convert 8c (base 13) to base 9.
138
Convert -276 (base 16) to base 12.
-446
What is 120122110 (base 3) in base 13?
5265
Convert -10020012 (base 3) to base 6.
-14522
Convert -893 (base 16) to base 9.
-3008
Convert 1046 (base 8) to base 6.
2314
What is -99 (base 16) in base 13?
-ba
What is 291 (base 12) in base 10?
397
Convert -731 (base 9) to base 5.
-4340
Convert 51241 (base 6) to base 16.
1a89
Convert -36735 (base 8) to base 3.
-210201120
Convert 215766 (base 8) to base 6.
1320314
Convert 989 (base 16) to base 6.
15145
Convert -11130 (base 4) to base 2.
-101011100
Convert 11011001001101 (base 2) to base 9.
21055
-3300 (base 9) to base 16
-97e
Convert 0 (base 12) to ba